 20*r - 11. Suppose 8*u + 5*u = 247. Determine q(u).
8
Let u(b) = b + 3. Let n(p) = p**2 - 2*p - 33. Let w be (-204)/(-28) - (16/14)/4. Let j be n(w). What is u(j)?
5
Let w(o) be the second derivative of 20*o**3/3 - 837*o**2/2 + 8937*o. Calculate w(21).
3
Let s(t) be the second derivative of -3*t + 0 - 7/2*t**2 - 1/2*t**3. Suppose -161*h - 12 = -159*h. Determine s(h).
11
Let m(f) = 2*f**2 + 29*f + 30. Suppose 4*d = 2*p - 54, 5*d + 16*p - 13*p = -62. Determine m(d).
-9
Let t(d) = -2*d + 1. Suppose -2 = -3*b + 3*q + 4, 4*b - 2*q - 8 = 0. Let y be 2 + -3 + b + 2. Give t(y).
-5
Let d(x) = -x**3 - 4*x**2 + 3*x + 9. Let y be ((-1)/(-5))/(51/(-425))*6/2. Calculate d(y).
19
Suppose f - 19 = -k - 8, -f - 34 = -4*k. Suppose 2*m = -g - k, -5*m = 5*g + 23 + 7. Let h(i) = -i**2 - 5*i - 2. Calculate h(g).
4
Let t(a) = 25*a**3 - 75*a**2 - 13*a - 238. Let w(c) = 4*c**3 - 13*c**2 - 2*c - 40. Let g(r) = 3*t(r) - 19*w(r). Give g(22).
24
Let a be -3 + 1 + 0 + 1 - -71. Suppose -8*z + 5*j + 70 = -3*z, 5*z - a = 2*j. Let b(h) = z - 9 + 3 - h. Give b(4).
4
Let t(u) = 2*u**2 + 2*u - 27683*u**3 + 27679*u**3 + 1 + 18*u**2. Calculate t(5).
11
Let d(j) = -6*j**2 + j**2 - 3*j - 8*j**2 + 5*j**2. Let a(i) = 9*i**2 + 4*i. Let g(y) = 4*a(y) + 5*d(y). Determine g(2).
-14
Let m(s) = -2*s**3 + 30194*s**2 + 20*s + 30223*s**2 - 60370*s**2 + 24. What is m(24)?
-72
Suppose 5*t + 5*m = 0, -3*t + 16 = 2*t - 3*m. Let u(i) = -6 + 33*i**2 - 18*i + 16 - 32*i**t. Let p be u(17). Let f(w) = w**2 + 7*w + 1. Give f(p).
1
Let o(a) = 3280*a + 2 - 5*a**2 - 16 - 4*a**2 - a**3 - 3285*a. What is o(-9)?
31
Let v(m) = 45*m + 17*m**2 - 29*m + 9*m + 9*m. Let y(l) = 4*l**2 + 8*l. Let c(d) = -6*v(d) + 26*y(d). Determine c(-3).
6
Let f(s) be the third derivative of -s**5/30 - s**4/12 - s**3/3 + 1136*s**2. Determine f(0).
-2
Suppose -5*w - 5*g = 20, 5*w - g + 5 = 27. Let s(f) = 6*f**3 - 3*f**2 - 3*f - 1. Give s(w).
125
Let z be 1/5 + (-4)/(-5). Let k(r) = 7*r - 1840998*r**3 - 6*r - r**2 + 1840993*r**3. What is k(z)?
-5
Let t(h) = -3*h - 20. Let u(n) = 4*n**3 + 33*n**2 + 32*n - 37. Let r be u(-7). What is t(r)?
28
Suppose -52 + 28 = 8*o. Let r(s) = -3*s + 42. Let d(u) = 3*u - 38. Let g(p) = o*d(p) - 2*r(p). Give g(8).
6
Let l(m) = -3*m + 8. Let g(k) = -3*k + 5. Let q = -79 - -83. Let p(h) = q*g(h) - 3*l(h). What is p(4)?
-16
Let t(r) = -16*r**2 + 4*r + 6*r + 3*r + 13*r**2 + 4*r**2 - 35. Determine t(-12).
-47
Let t(h) = 4*h**3 + 18*h - 5*h**3 - 114 + 223 - 116 - 9*h**2 - 9*h. Determine t(-10).
3
Let x(w) = -w**3 + 3*w**2 - w + 1. Let h = 52 + -32. Let o be 0*(h/(-8))/5. Suppose -4*t - 4*r = -12, o = -4*t - 3*r + 6*r + 19. Determine x(t).
-19
Let g(h) = -25*h - 1. Let v(n) = n**3 + 45*n**2 + 117*n + 1334. Let j be v(-43). Determine g(j).
-26
Let i(f) = 5*f. Let m(p) be the third derivative of p**6/120 + p**5/12 - p**4/12 - 19*p**3/6 - 43*p**2. Let k be m(-4). What is i(k)?
25
Let h(l) = -l + 6. Let m = 147 + -143. Suppose -m*k = -5*d - 44, 3*k = -2*d - 3 - 10. Calculate h(d).
14
Let r(f) = f**3 + 18*f**2 - 52*f - 42. Let v be r(-20). Let z(p) = -5*p**2 + v*p**3 - 5 - 5 - 199*p**3 + 5. Give z(-5).
-5
Let b(z) = 2*z**3 - 25*z**2 + 2*z. Let h(s) = -s**3 + 12*s**2 - s. Let r(f) = 6*b(f) + 13*h(f). Let j = 1231 + -812. Let y = -413 + j. What is r(y)?
-6
Let o(g) = -g**2 + 3 - 1391*g + 1379*g + 99. Calculate o(-19).
-31
Let w(m) = -3*m**2 - 10*m - 8. Let r(o) = -o**3 - 2*o**2 + 29*o - 157. Let q be r(-8). Determine w(q).
-33
Let o(q) = -8 - 519*q - 492*q - 4*q**2 + 1003*q. Calculate o(-4).
-40
Let x(b) = b + 9. Let t(k) = -3*k**2 + 64*k + 65. Let l be t(22). Suppose 2*v - 3*q = -l, 2*q + 69 = -5*v + 4*q. What is x(v)?
-6
Suppose -2*z + 20 = 4*m, -3*m - 4*z = -20 - 5. Let r be m/(3/2) - 2. Let s(l) = -7*l + 97. Let u(v) = 20*v - 274. Let h(n) = 17*s(n) + 6*u(n). Determine h(r).
5
Suppose 0 = 4*f + 3*j + 152, -15*f + 18*f + 3*j + 117 = 0. Let d = f + 36. Let q(l) = 4*l - 1. Give q(d).
3
Suppose 83*n + 80 = 386*n - 223. Let g(o) = -8*o**2 - 4*o + 3. Determine g(n).
-9
Suppose -3*k - 40 = -25. Let r(n) be the third derivative of 0*n - 14*n**2 + 0 - 1/6*n**4 + 2/3*n**3 - 1/60*n**5. What is r(k)?
-1
Let q(u) = -u**2 - 2*u - 1. Suppose 53*f - 54 = 35*f. Suppose -5*x = -11 - 24. Suppose 4 - x = f*s. Determine q(s).
0
Let o(x) = x**2 - 14*x + 3. Let k be 32/2 - ((24 - 6) + -14). Give o(k).
-21
Let f(b) be the third derivative of b**5/60 - b**4/12 - 11*b**3/6 - 2542*b**2. What is f(-3)?
4
Suppose -15*s + 1859 = -1666. Let u = -232 + s. Let k(l) be the third derivative of l**4/4 + 2*l**3/3 + 2*l**2. Determine k(u).
22
Let r be 93/(-155) + 6/10. Let q(h) = 69 - 4*h**2 + 5*h**2 - 68 + 0*h - 3*h + r*h. Give q(2).
-1
Let z(a) = 21*a - 16. Let s = 6223 - 6222. What is z(s)?
5
Let x(j) = 3 + 2 + 3*j + 3*j - 3. Let t be 36/(-24) - (-173)/(-2). Let i = t - -86. Determine x(i).
-10
Let z(m) be the second derivative of -m**5/20 + m**4/2 + m**2/2 - 11*m. Let n = -435 - -441. Calculate z(n).
1
Let l = 170 - 167. Suppose -l*u = -9*u + 42. Let z(k) = -k + 2. What is z(u)?
-5
Suppose 2*o - 35 = -5. Suppose -6*j - 3 = -o. Let f(h) = 4 - h**3 + 27*h**2 + 6*h - 14*h**2 - 7*h**j. Calculate f(7).
-3
Let b(a) = 298 + 7*a - 75 + 6*a - 109 - 40. Give b(-5).
9
Let j(y) = -2*y**3 - 15*y**2 + 3*y + 6. Suppose -17*c + 826 = -148*c + 13*c. Calculate j(c).
-64
Let v(g) = -g**3 + 17*g**2 + 16*g + 38. Let n = 370 + -352. Let o be v(n). Let z(a) = -2*a + 7. What is z(o)?
3
Let p(d) = 63*d + 53*d**2 + 3*d**3 - 57*d**2 + 66*d - 5*d**3 - 82*d. Determine p(4).
-4
Suppose 3*a - 2*a + 12 = 0. Let d(p) = p**3 + 12*p**2 + p + 8. Let r be d(a). Let y be (6/r)/(7/28). Let i(n) = n + 7. Determine i(y).
1
Let n(l) = -l - 1. Let t(s) be the third derivative of s**4/12 + 4*s**3 - 21*s**2. Let m be t(-15). Let a be (3/30 - m/15)*6. Give n(a).
-4
Let l = -19 - 25. Let v = 50 + l. Let d(q) = 3*q**2 - 19*q + 4. Let w be d(v). Let k(n) = -3*n**2 + n + 1. Determine k(w).
-13
Let d(p) be the second derivative of p**4/6 - 4*p**3/3 + 10*p**2 + 570*p. Determine d(8).
84
Let g(c) = -c - 3. Let w(k) = -3*k**2 + 115*k - 11. Let h(p) = 2*g(p) - w(p). What is h(39)?
5
Let l(y) = y**2 + 7*y + 10. Let t be l(-7). Let z(b) = -2*b**3 + 17*b**2 - 10*b + 5. Let q(w) = w**3 - 6*w**2 - w + 1. Let d(x) = -q(x) - z(x). What is d(t)?
4
Let v(s) be the first derivative of s**4/4 + 10*s**3/3 - 11*s**2/2 + 10*s - 50. Let u(i) = 3*i + 13. Let t be u(-8). Give v(t).
10
Let v(j) be the first derivative of -3/2*j**2 + 9*j - 201. What is v(4)?
-3
Let i(p) be the second derivative of -p**6/120 - 13*p**5/60 + 5*p**3/3 + 55*p**2 - 141*p. Let w(j) be the first derivative of i(j). What is w(-13)?
10
Let h be 261 + 33 - 2/2. Let g = h - 137. Let i(r) = -151*r + 1 + g*r - 1. Calculate i(1).
5
Let o(r) = 12318*r + 4 + r**3 - 24630*r - 11*r**2 + 12330*r. Determine o(7).
-66
Let b(c) = 20*c**2 - 26*c - 11. Let s(f) = 7*f**2 - 9*f - 4. Let d(n) = -6*b(n) + 17*s(n). Let k = 16489 - 16486. Calculate d(k).
-2
Let o(q) be the third derivative of q**5/40 - q**4/6 + 15*q**3 - 3*q**2 + 6*q. Let h(d) be the first derivative of o(d). Determine h(3).
5
Let m(r) = r - 8. Let i(v) = -46 - 55 + 96. Let f(q) = 5*i(q) - 3*m(q). What is f(-3)?
8
Let z(i) = 7*i**2 + 2*i. Let w(d) = 6*d**2 + d - 1. Let u(m) = -6*w(m) + 5*z(m). Let n(k) = k**3 - 33*k**2 + 131*k + 258. Let c be n(28). Determine u(c).
-6
Let f(p) = -6*p**3 - 35*p**2 + 8*p - 73. Let a(r) = 7*r**3 + 35*r**2 - 10*r + 72. Let m(l) = -5*a(l) - 6*f(l). What is m(-35)?
8
Let r(f) = f + 1. Suppose 7*b + 3 = 178. Suppose -4*q + 80 = -0*q. Let w = q - b. Calculate r(w).
-4
Let i(n) = 2*n**3 + n**2 + n - 20. Let v(z) = 7*z**3 + z**2 + 5*z - 75. Let x(o) = 4*i(o) - v(o). Calculate x(-4).
-17
Let t(r) be the first derivative of -7*r**2 - 56 + 13*r + 1/3*r**3. Calculate t(13).
0
Let b(x) = -7*x + 22. Suppose -193*u + 76*u = -1404. Give b(u).
-62
Let t(i) = i - 15. Let x be (-104)/(-20) + -5 + (-245)/(-25). Suppose 4*o - x*p - 20 = -11*p, 20 = -5*p. Calculate t(o).
-9
Suppose -4*w + 3*w + 10 = 0. Let i(b) = 17*b**3 - 38*b**2 - 57*b + 109. Let m(f) = 5*f**3 - 12*f**2 - 19*f + 30. Let y(r) = -2*i(r) + 7*m(r). Calculate y(w).
2
Let z(i) = -i + 20. Let h be z(11). Suppose -7 = -3*x - 0*x - j, 3*j = -3*x + h. Let q(g) = -9*g**2 + 4*g**x + g**2 - 8*g**2. What is q(1)?
-12
Let a(y) be t